50, -2*i + 37 = -3*f. List the prime factors of i.
2, 5
Let b = 36 - -80. List the prime factors of b.
2, 29
Suppose -a + 10 = 4*a. Suppose a*z + 2 = -0*z. List the prime factors of z + -2 - (-21)/1.
2, 3
Suppose -4 = -v + 3*v. List the prime factors of 3 + -1 - 18/v.
11
Let v(q) = 3*q**2 + 4*q + 2. Let d be v(-2). Let o(p) = p - 2. Let j be o(d). Suppose 14 - 106 = -j*m. List the prime factors of m.
23
Let o be (-229)/(-6) + 5/(-30). Suppose -2*l - r = -55, -12 = l + 2*r - o. List the prime factors of l.
2, 7
Let c(m) = 2*m**3 - 2*m - 5. What are the prime factors of c(3)?
43
Suppose -62 = -4*d + 34. What are the prime factors of d?
2, 3
Suppose -3*d - 4*r = -120, 0 = -2*d + 7*d - r - 177. List the prime factors of d.
2, 3
Let b(s) be the third derivative of 0 - 5/6*s**3 + 3*s**2 - 1/6*s**4 + 0*s. List the prime factors of b(-4).
11
Let p(z) be the second derivative of z**5/20 - z**4/4 - z**3/6 - z**2 + 4*z. List the prime factors of p(4).
2, 5
Let t(j) = -j**3 - 8*j**2 + 6*j - 3. What are the prime factors of t(-9)?
2, 3
Suppose m = x - 1, -3*m - 3*x + 12 = 3. Let c be 2 + -2 - 3/(-1). Let p = c + m. What are the prime factors of p?
2
Suppose -3*b - 5*r = -23, -7*r + 4 = -3*r. What are the prime factors of (32/(-12))/((-2)/b)?
2
Suppose 5*p - 509 = -3*x - 0*p, 0 = 4*x + 2*p - 660. What are the prime factors of x?
163
Let j be (3 - 6)/(-1) - 15. Let q(r) = r + 27. List the prime factors of q(j).
3, 5
Let x = 60 + -21. What are the prime factors of x?
3, 13
Let h(a) = -a**2 - 6*a - 4. Suppose 0 = -4*z - 1 - 19. Let r be h(z). Suppose r = 5*v - 24. What are the prime factors of v?
5
Let f(d) = -27*d - 3. What are the prime factors of f(-2)?
3, 17
Let w(v) = 5*v**3 + v**2 - 2*v + 6. Let k(x) = -11*x**3 - x**2 + 5*x - 13. Let s(o) = 4*k(o) + 9*w(o). List the prime factors of s(-4).
2, 5
Let v(h) = -h + 4. Let w be v(-2). Let p(y) = 6*y. Let i(c) = 5*c. Let l(f) = 5*i(f) - 4*p(f). What are the prime factors of l(w)?
2, 3
Let o(g) be the second derivative of 2*g**3/3 - 15*g**2/2 - 4*g. What are the prime factors of o(6)?
3
Let r(k) = -k**3 - 4*k**2 + 3*k - 6. Let o be r(-5). Suppose -5 - o = -3*c. Suppose j - 11 = 3*z, -5*j = -c*j + 4*z + 8. What are the prime factors of j?
2
Let i(j) = j + 6. Let v be i(-6). Suppose v = -6*k + k. What are the prime factors of (1 + -12)*-1 + k?
11
Suppose 5*r - 10 = -0*r. What are the prime factors of 210/36 - r/(-12)?
2, 3
Let r = 21 - 19. Suppose -5*l - r*t + 156 = -l, 0 = 3*l - 3*t - 117. What are the prime factors of l?
3, 13
Let u(f) = 4*f + 5. What are the prime factors of u(4)?
3, 7
Let b = 116 - 49. What are the prime factors of b?
67
Suppose -p = -5*p + f - 11, 5*p - 4*f = 0. Let t = p - -8. Suppose -15 = -j - t*j. What are the prime factors of j?
3
Let s(w) = -7*w**3 - 5*w**2 + 5*w + 16. Let u(d) = -11*d**3 - 8*d**2 + 8*d + 24. Let h(y) = 8*s(y) - 5*u(y). List the prime factors of h(0).
2
Suppose -2*n + 4*t + 82 = 0, 2*n + 2*t = -10 + 62. List the prime factors of n.
31
Suppose -3*x + 4*x - 2 = 0. Let i be (2 - (x - -3))/1. Let m = 9 + i. List the prime factors of m.
2, 3
Suppose 6*v - 5*v + 11 = -4*d, -2*v = -5*d - 4. Let n be d*1 - (2 - 3). What are the prime factors of 2/(-6)*21/n?
7
Suppose 0 = -2*o + 16 - 0. Let v(i) = i**3 - 4*i**2 + 2. Let q be v(4). Suppose 0 = -z - q*r + o, -2*r = r - 6. What are the prime factors of z?
2
Let p = 43 + -18. Let s = -15 + p. What are the prime factors of s?
2, 5
Let h = 16 + -9. Suppose f - 17 = -h*q + 3*q, -f + 1 = 0. What are the prime factors of q?
2
What are the prime factors of ((-51)/34)/((-3)/14)?
7
Let d = 184 - 123. List the prime factors of d.
61
Let v = -18 - -7. Let a = 2 - -15. Let i = v + a. List the prime factors of i.
2, 3
Let d = 17 + -11. List the prime factors of 305/45 + d/27.
7
Suppose -g - 6 = -2*l, -4*l + 27 + 1 = 2*g. Let u = -12 + l. List the prime factors of (0/2 - u) + 2.
3
Suppose -8 - 52 = 5*w. Let b = w - -23. What are the prime factors of b?
11
Let a be (-3)/(-6) - 10/4. Let q = a - -2. Let r = q - -9. List the prime factors of r.
3
Suppose 16 = -2*j - i, 2*i + 36 = -4*j - i. List the prime factors of (-88)/j - (-2)/6.
3, 5
Suppose -7 = -s + 4*b - 1, s = -5*b - 12. What are the prime factors of 360/16 + 1/s?
2, 11
Let s(w) = 3*w**2 + 6*w + 11. Let b(x) = -7*x**2 - 11*x - 23. Let t(p) = 2*b(p) + 5*s(p). List the prime factors of t(-7).
2
Let b = -12 - -16. Suppose 2*x - 8 = -4*p + b, 5*p + 34 = x. List the prime factors of x.
2, 7
Suppose -4*y + 8 = -4. Suppose y*z = z. What are the prime factors of z*1/2 - -8?
2
Let i be (-3)/9*0 - -3. Suppose 0*g + 16 = r - i*g, 0 = -5*r + 3*g + 32. What are the prime factors of (-2)/(-8) + 43/r?
11
Suppose -g - 26 - 16 = 3*q, 3*g - q = -96. Let r = 52 + g. List the prime factors of r.
19
Let n(v) be the second derivative of v**5/20 + v**4/3 - v**3/6 + 2*v**2 + 5*v. What are the prime factors of n(-4)?
2
Let z(x) = -5*x**3 - 6*x**2 - 4*x - 5. Let l(o) = 4*o**3 + 7*o**2 + 3*o + 5. Let i(h) = 4*l(h) + 3*z(h). List the prime factors of i(-10).
5
Let q = -718 - -1028. What are the prime factors of 2/(-3) - q/(-15)?
2, 5
Suppose 44 = f + z - 1, 5*f + 2*z = 219. What are the prime factors of f?
43
Suppose 0 = 3*q - 412 - 20. What are the prime factors of q?
2, 3
Suppose -2*b + 26 = -4*b. Let y = 23 + b. What are the prime factors of y?
2, 5
Let f(a) = 13*a**2 + 1. Let h(y) = y - 4. Let n be h(5). List the prime factors of f(n).
2, 7
List the prime factors of (-1)/(1*1/(-4)).
2
Let m be 77/22 + (-1)/(-2). Suppose -24 = -x + 6*y - m*y, x = -5*y + 10. What are the prime factors of x?
2, 5
Suppose 0 = -3*v, -5*j - 2*v = v - 475. List the prime factors of j.
5, 19
Let a be (-2)/(-6) + 5/3. Let b = 4 + a. List the prime factors of b.
2, 3
Suppose -15 = 6*l - 9*l. Suppose 0*u - l*u + 30 = 0. List the prime factors of u.
2, 3
Let d(b) = b**3 - 9*b**2 + 7*b + 11. Let q be d(8). What are the prime factors of (-44)/(-3) - 2/q?
2, 7
Let i(w) = -w**3 + 2*w**2 - 1. Let f be i(1). Let j be f/(1 + 2) - -2. List the prime factors of -4*(-9)/12*j.
2, 3
Let q(w) be the third derivative of w**5/120 - w**4/12 - w**3/3 - 2*w**2. Let j(v) be the first derivative of q(v). What are the prime factors of j(7)?
5
Suppose -4*t + 8 = -5*l, 0 = t - 0*t + 2*l - 2. Suppose -2*o = -148 + 18. Suppose -t*b + 4*r + 52 = 0, 2*r + r = -5*b + o. List the prime factors of b.
2
Let d = -144 - -357. What are the prime factors of d?
3, 71
Suppose 3*k - 5*x - 188 = 0, 86 = k + 4*x - x. List the prime factors of k.
71
Suppose -42 = 2*n + 4*u, 2*u = 3*n - 2*n + 17. Let t = 32 + n. List the prime factors of t.
13
Let a be (-4)/6*(-3 - 0). Let f(w) = 11*w + 2. What are the prime factors of f(a)?
2, 3
Let o(b) = b + 3*b + 4*b - b**3 - 1 - 4*b**2. Let i be o(-6). Let v = i - 12. List the prime factors of v.
11
Suppose -l + 2*l - 19 = 0. List the prime factors of l.
19
Let f(v) = -v**2 - 5*v - 4. Let r be f(-3). Let u(h) = -2 - 5 + h**2 + 4 + r*h. List the prime factors of u(2).
5
Suppose -2*i + 3*h + 2 = 0, -3 = -4*i + 3*h - 5. Let a be (1/i)/((-6)/72). List the prime factors of 6/4*52/a.
13
Let d(h) = 2*h**2 - 7*h - 5. List the prime factors of d(10).
5
Let a(v) = -11*v**3 + 1. Let i be a(-1). Let j = 14 - i. What are the prime factors of j?
2
Suppose 0 = i - 5 - 47. What are the prime factors of i*1 - 45/15?
7
Suppose k = 6*k + 210. List the prime factors of 2/7 + (-744)/k.
2, 3
Let w = -59 - -103. What are the prime factors of w?
2, 11
Suppose -3*x + 4*u + 43 = 0, 5*x + 4*u = 5 + 56. Suppose -4*v - x = 39. List the prime factors of v*(-3 + 2)*1.
13
Let j(c) = c**2 - 6*c + 7. What are the prime factors of j(5)?
2
Suppose -v - 3*v = -24. Let d(w) = -4*w**2 + v - 3 + 6*w**2 + 3*w. List the prime factors of d(-2).
5
Let h(v) = v**2. Let x(b) = b - 2. Let u(k) = 2*h(k) - x(k). List the prime factors of u(-4).
2, 19
Suppose -i = -3 + 1. Suppose 5*x - 251 = -101. Suppose k + i*k - x = 0. List the prime factors of k.
2, 5
Let q(l) = l + 1. Let k(d) = 5*d - 1. Let t(r) = -k(r) + 6*q(r). List the prime factors of t(6).
13
Let z(y) = -8*y + 3. Suppose -f - 2 - 1 = 0. List the prime factors of z(f).
3
Let o be ((-2)/3)/((-1)/(-9)). Let i = o + 16. List the prime factors of (-79)/(-9) - i/(-45).
3
Suppose -96 + 18 = -2*q. What are the prime factors of q?
3, 13
